 (-7 + 5 - -4)).
5
Calculate (2 - 4) + 4 + 4.
6
Evaluate 8 - (4 + 0 + 2).
2
Calculate -1 + (-10 - (-21 - -11)).
-1
Evaluate 71 + -79 + (4 - 0).
-4
Calculate (3 - 2) + -3 + 6.
4
Calculate 4 + -6 - -7 - (1 + -1).
5
What is -7 + 15 - 0 - 13?
-5
Calculate (3 - -4) + -8 + -3.
-4
Calculate 4 + 4 - (6 - 1).
3
What is 5 + -2 - (-1 - -4)?
0
What is the value of 5 - -1 - (1 - -4)?
1
What is the value of 5 - (0 + 1 + 8)?
-4
What is 5 - ((4 - -2) + -2 - 1)?
2
(3 - 9) + -2 - -7
-1
-4 + (7 - -6) - (-2 + 0)
11
Evaluate (2 - 0) + 1 + (-1 - 2).
0
Evaluate -1 + -1 + -4 + 7 + -2.
-1
What is the value of -4 - 1 - ((-10 - -5) + 1)?
-1
(6 - 1) + 0 + (3 - 9)
-1
Calculate (-5 + 0 + -7 - -1) + 5.
-6
Evaluate (0 + (2 - 1) - 1) + 3.
3
What is the value of 0 - 1 - (21 + -12)?
-10
5 + -9 + (-1 - (-5 - 3))
3
What is 0 + 5 + -3 + -3?
-1
Evaluate 2 + (3 - 7 - -5).
3
What is the value of (-16 - (7 + -17)) + (3 - -1)?
-2
What is 10 - (10 + 2 + -7)?
5
Calculate -1 + -2 + 3 + 8 + -5.
3
What is the value of 8 - (5 + (10 - 13))?
6
Calculate (-1 - -6) + 20 + -1 + -19.
5
Calculate 86 + -76 - (6 + 0).
4
(0 - (-2 - 3)) + -5 - 9
-9
Evaluate 1 + -3 + 0 + 7 + -1.
4
What is the value of 3 - (6 - (-4 + 6))?
-1
Calculate 51 + -56 + 1 + -2 + 2.
-4
Calculate (-13 - -3) + (-7 - (-3 + -8)).
-6
Calculate 3 + (-4 + 3 - 4) + 0.
-2
Evaluate -10 - (-3 - (-2 + 6)).
-3
What is 2 - (5 + 9 + -5)?
-7
What is the value of 3 + (-11 - -6) + 8 - 1?
5
What is the value of -3 + 1 + -1 + (6 - 1)?
2
What is the value of 4 + (0 - 6) + 4?
2
Calculate (11 - (7 + -1)) + (2 - 6).
1
Evaluate 6 - (2 + 2) - 2.
0
What is the value of -5 - -12 - 6 - (1 + 2)?
-2
6 - (-3 - -1 - (-6 - -2))
4
(-1 + 4 - 2) + 4
5
What is (3 - 7) + -1 + 2 + -2?
-5
What is 1 + -1 - (-11 + 11 + -2)?
2
What is the value of 4 + (-4 - -5 - 4)?
1
What is the value of 1 + 5 + -3 + (1 - 2)?
2
What is the value of -3 + (2 - -2 - 7) + 7?
1
Calculate -3 - (2 + -3) - (-18 + 16).
0
Calculate -1 + 5 - ((-2 - 1) + 5).
2
What is the value of -5 + 6 + -5 + 1?
-3
1 + 3 + -8 + 6
2
(-2 - (-4 + 2)) + 1
1
What is (-2 + -3 - -2) + 5 + -2?
0
(1 - (1 - 1)) + -5 - -2
-2
Calculate (2 - 0) + 0 - (-131 - -133).
0
What is the value of 2 - -1 - (-3 - 0 - -7)?
-1
Calculate 1 - (4 - 2 - (26 + -19)).
6
Calculate -6 - -1 - (-4 - (6 - 7)).
-2
What is the value of -4 - (-5 - (-8 - -4))?
-3
Evaluate 0 + (12 - 5) - 5 - 4.
-2
Evaluate -2 + (-2 + -1 - -2) - -4.
1
What is the value of 8 + 5 - 13 - (-2 + 1)?
1
Evaluate 6 + (-8 - (-15 + 9)).
4
What is -10 + (-11 - -17) + (-1 - -1)?
-4
Calculate 0 - 5 - (-2 + -3 - -5).
-5
What is -9 + 4 + 1 + (1 - -7)?
4
Calculate -4 + (8 - (-3 + 4)).
3
Evaluate (-4 + 2 - 3) + 6.
1
What is the value of 16 - (15 + -7) - 9?
-1
Calculate (-6 - -13) + 6 - 13.
0
What is 1 + -4 + 12 + -5?
4
(-8 - -8) + 2 + 0
2
What is -1 + -1 + (4 - -6) + -3?
5
85 + -80 - (0 + 0 - -3)
2
Calculate -1 - -2 - (2 + -2 + -2).
3
Calculate 7 + (-5 - -4) + -9.
-3
What is (-5 - -7) + (-1 - (-4 + 6))?
-1
-1 - (-7 + -4 + 5)
5
2 + 0 + -3 + 4
3
9 + -3 - 9 - -2
-1
(6 - -2) + (2 - 14)
-4
9 + 4 + -6 + -5
2
Evaluate 3 + -4 - -4 - 2.
1
Evaluate -10 - (-9 + 7 + -5).
-3
Evaluate 0 - 8 - 2 - (0 - 3).
-7
What is the value of 4 - ((1 + 5 - 1) + 5)?
-6
Evaluate (5 - -2) + -5 + 1.
3
Calculate (-2 - -4) + -6 + (3 - 3).
-4
-5 - (-2 + 2) - -1
-4
Evaluate -4 + -2 + 4 + -4 + 1.
-5
9 - 10 - ((3 - 3) + 0)
-1
What is the value of 22 + (5 - 16) + -10?
1
What is -1 - (2 + 4 + -4)?
-3
Calculate 0 + 2 + (-29 - -28).
1
Calculate -2 - (-5 - (4 + -4)) - 1.
2
What is the value of -7 - -2 - -3 - -1 - -5?
4
Evaluate 4 + -3 - (1 + -2).
2
Evaluate (0 - 6) + 4 + 10 + -1.
7
What is 2 + -14 - (-1 + -9)?
-2
What is the value of -7 + 24 + 4 + (4 - 16)?
9
What is the value of -4 - (-3 + 0) - -7?
6
What is -18 - -6 - (-20 - -8)?
0
-1 - (0 + (2 - 5) + 0)
2
What is 20 + -36 - (-8 - 4)?
-4
1 - (21 + -11 - 8)
-1
What is the value of 1 + -3 - 1 - -1?
-2
Calculate -2 + 5 + 0 + -3.
0
What is the value of 4 + -2 + 0 - (60 + -56)?
-2
Calculate -5 + (-5 - (2 + -12)).
0
Evaluate -3 + 8 + -2 + -3.
0
Evaluate -104 + 97 - (-1 + -1).
-5
Evaluate -5 + 3 + (-12 - -13).
-1
What is -13 - -2 - -5 - 2 - -4?
-4
Calculate -3 - (-4 + (-1 - -8)).
-6
Evaluate -4 - (3 + -1 + -3) - -6.
3
Calculate (6 - (3 + -14)) + -14.
3
Calculate (-1 - 11) + (-28 - -34).
-6
1 - (3 + 4 + -4)
-2
What is (-5 - (-12 - -4)) + (2 - 8)?
-3
What is 11 + -15 - (1 + (-1 - -1))?
-5
What is 1 - -1 - (2 + 11 - 16)?
5
Calculate 4 + (-13 - -3) + -2 + 6.
-2
What is the value of 1 - (1 + -3 - (-1 - -2))?
4
What is -21 + 12 + 13 + -1?
3
-1 + 0 + (3 - -4) + -4
2
What is (8 - 5) + -9 + 5?
-1
Calculate -1 + -1 - (-9 - -16) - -3.
-6
What is 2 + 1 + -1 + 1 - -2?
5
Calculate (-13 - -9) + -2 + 1 + 9.
4
(-5 - -5 - 10) + 7
-3
What is the value of (-7 - -4) + 7 + 0?
4
What is the value of -11 - -4 - (-21 - -10)?
4
-5 + (3 - -4) + 2 + -1
3
What is 1 - 1 - (6 - (0 + 2))?
-4
8 + -1 + 4 + 1 + -8
4
What is -1 + -21 + 348 + -335?
-9
What is -4 - (2 + -5 - -7)?
-8
Calculate -1 + 12 - (5 - (-13 + 11)).
4
What is the value of 4 - 2 - (7 + 0)?
-5
Evaluate -5 + (9 - (4 - -5)).
-5
Calculate -4 + (1 - (-2 + -1)) + -1.
-1
Evaluate (-19 - -19) + (-1 - -4).
3
What is 2 - (5 + (5 - 14 - -5))?
1
What is the value of 7 - ((-9 - -4) + 7 + 2)?
3
(7 - (3 - 1)) + (-3 - 5)
-3
What is 6 + (-13 - -6 - -6) + -11?
-6
What is the value of 1 + 0 - (1 - (5 - 0))?
5
2 + (1 - (-4 - -10 - 3))
0
Calculate (-6 - -13) + (1 - 10).
-2
Evaluate 8 + 13 - 9 - 8.
4
-10 + (-10 - -17) + 2
-1
Calculate (3 - 6) + 4 + -1 + 3.
3
What is the value of 3 - 1 - (-6 - (3 - 7))?
4
Evaluate 1 + -2 + 5 - (93 + -93).
4
Evaluate 3 + -6 + -4 + 4.
-3
What is (59 - 61) + (2 - 0)?
0
What is -3 - (-3 + 2) - (-19 - -17)?
0
(0 - -1 - (-5 + 10)) + 8
4
Evaluate -8 + 7 + 13 + -3.
9
Calculate 7 - (18 - 11 - (13 + -3)).
10
Evaluate -3 - -10 - 3 - (1 + 4).
-1
Evaluate -1 - -2 - (1 + 2 + -7).
5
3 + (2 + -1 + 3 - 8)
-1
What is 3 + 1 + -4 + -2?
-2
What is the value of -5 + -2 - ((2 - -1) + -5)?
-5
What is -34 + 35 + (1 - 1) + -5?
-4
Calculate 2 + -6 - (7 - 1 - 8).
-2
Evaluate -2 - (-6 - 1) - 1.
4
What is the value of -3 + -2 + 1 + 0 + 2?
-2
What is (3 - 2) + (-5 - -8)?
4
What is (-3 - (1 - 4)) + -4?
-4
What is the value of (1 + 6 - 1) + (6 - 9)?
3
What is 1 + 3 - (-3 + 0 - -3)?
4
What is (1 - 0) + (-14 - -18) + 1?
6
Calculate -1 + 2 + -2 + (62 - 58).
3
What is the value of -1 + (3 - 0 - 6)?
-4
What is (13 - (4 - 1)) + -6?
4
What is the value of -3 + (1 + -4 + 8 - -6)?
8
Evaluate -12 - (-20 + 5 + 14).
-11
What is 0 + (-11 - -7) - (-1 - -4)?
-7
0 - -8 - (7 + -6 + 3)
4
What is the value of 6 + 0 + -3 - 8 - -2?
-3
Calculate -7 + 10 - (-1 - -5).
-1
2 + (4 - (16 + -3)) + 4
-3
What is the value of 13 + (-12 - -10 - 0)?
11
What is the value of -11 - -1 - (-9 + 1)?
-2
(2 - -3) + -4 - 1 - 1
-1
-10 - (0 - -4 - 19)
5
Calculate 12 + (3 - 3) + -12.
0
What is -4 + (3 + 4 - -2)?
5
What is the value of 9 - -3 - (6 - -11)?
-5
Calculate -17 + 5 + 6 - -8.
2
What is -1 + (2 - (5 + -1))?
-3
Calculate 79 - 68 - (0 - -7).
4
(-1 - -3) + 3 + 19 + -20
4
4 + -5 + -2 + 3
0
What is the value of 16 + 0 - (-83 - -93)?
6
Evaluate 16 + -3 + -9 + 0.
4
Calculate (-2 - 8) + 15 + -14.
-9
What is 1 - -5 - (18 - 14 - -3)?
-1
What is 10 - 6 - (5 - 0) - -7?
6
Evaluate 0 - -3 - (9 + -3).
-3
What is the value of 6 + -7 + 3 + 0?
2
What is -4 + (-11 - (-19 - -8))?
-4
10 - (7 + 7) - (-2 + 1)
-3
0 - (-13 - -6 - (1 - 5))
3
(4 - (10 + -3) - -1) + 0
-2
Calculate 3 + -1 - (4 - (-6 + 4)).
-4
What is -2 + (3 - (1 + (3 - 0)))?
-3
7 - (8 - 6 - -4)
1
What is 1 - 10 - (1 + -5)?
-5
Evaluate 8 + -1 + -3 + 0.
4
-2 + 4 - (-20 + 26)
-4
Calculate 7 - (4 + 0 + 6).
-3
-2 + -1 + -1 + 5
1
Evaluate -2 - (8 + -18 + 2).
6
-2 - (7 - 6) - (0 - -1)
-4
What is (6 - 11) + (2 - -9)?
6
What is 1 + (6 - (-5 + 5)) + -12?
-5
Calculate -1 + (4 - (-4 - (0 + -10))).
-3
Evaluate -3 + (3 - -8) - 3.
5
-9 - (4 - 10) - (1 - 0)
-4
What is 7 - (9 + 1 + -6) - -7?
10
What is the value of 1 - (-4 - (2 - (2 + 0)))?
5
3 - ((0 - (-4 - 0)) + 0)
-1
Calculate -6 + 12 + -13 + 9.
2
Evaluate -1 + 0 - (9 + -7 + 3).
-6
Evaluate -2 - (4 - 8) - (0 - -4).
-2
Evaluate 5 + -10 + 6 + -4.
-3
5 - (5 + -13 + 6)
7
Evaluate (-5 - -1) + 0 - -4.
0
8 + 0 + -171 + 156
-7
What is the value of -13 + -7 + 7 + 5 - -11?
3
What is the value of 1 + 6 + (9 - 20) + 1?
-3
Calculate 4 + 5 + -3 + 